 32 - t. What are the prime factors of n?
23
Let y(b) be the third derivative of -1/24*b**4 + 2*b**2 + 1/60*b**5 - 1/3*b**3 + 0 + 0*b. What are the prime factors of y(3)?
2
Let v = -28 - -16. List the prime factors of (-436)/v - 2/(-3).
37
Let u(c) = 2 - 2*c**3 - 6 + 5. Let h be u(-1). Suppose 2*m - 25 = -h*m. What are the prime factors of m?
5
Let x(l) = l + 2. Let i be x(-2). Suppose i*a + 64 = 4*a. What are the prime factors of a?
2
Suppose -w - 418 = -2*u, 2*u + 5*w - 171 = 223. List the prime factors of u.
3, 23
Suppose 594 = 9*y - 504. What are the prime factors of y?
2, 61
Let m = 143 - 88. What are the prime factors of m?
5, 11
Let y(i) = -9*i**2 - 4*i + i**3 - 13 - 5*i**3 + 3*i**3. List the prime factors of y(-9).
23
Suppose 4*g + 2*w + 0 = 2, w + 2 = -g. Suppose 1 = 2*u + 7, g*d - 57 = 4*u. Suppose d = 3*z, 3*x = -x + 5*z + 7. What are the prime factors of x?
2
Suppose a + 30 = 3*a. What are the prime factors of a?
3, 5
Let q(g) = -1. Let k(z) = -4*z - 6. Let y(n) = -k(n) + 3*q(n). Let v be y(8). What are the prime factors of 815/v - 2/7?
23
Suppose -z + 4*p = 4, -2*z + z + 2*p = 2. Suppose -40 = -4*s - z*s. What are the prime factors of s?
2, 5
List the prime factors of (-12)/6 + 1*24.
2, 11
Suppose -3*d + q + 4*q + 114 = 0, -38 = -d + q. Let g = -14 + d. List the prime factors of g.
2, 3
Let u(m) = -m**3 - 17*m**2 + 9*m + 16. What are the prime factors of u(-18)?
2, 89
Let u = -22 + 31. List the prime factors of u.
3
Let u = -47 + 201. Let o be u/(-8) + 2/8. Let n = o - -29. List the prime factors of n.
2, 5
What are the prime factors of (-6)/8 - 1299/(-4)?
2, 3
Let w = -24 + 37. List the prime factors of w.
13
Let m = 39 - 17. What are the prime factors of m?
2, 11
Let w(x) = x - 1. Let y be w(10). Let m(j) = -j + 7 - 13 + j**3 + y*j**2 + 0*j. What are the prime factors of m(-9)?
3
What are the prime factors of 9 - (-9)/(-6)*-2?
2, 3
Suppose 0 = 2*k - j - 10, 0*k + 4*k = -j + 8. Suppose -k*l + 2*z - 48 = -6*l, 0 = -4*l - z + 69. List the prime factors of l.
2, 3
Suppose 15 = 2*g + 3*g. Let v(u) = 2*u**3 - 4*u**2 - u + 3. List the prime factors of v(g).
2, 3
Let k = -14 - 3. Let d be -1 + 24 + 2/2. Let r = k + d. What are the prime factors of r?
7
Let y = -19 - -58. What are the prime factors of 4/(12/y) + 0?
13
Suppose 52 = -2*c + 4*b, c + 2*c - 2*b + 66 = 0. Let o be (-8)/c - (-96)/10. List the prime factors of (2 + 0)/2 + o.
11
Let y = 6 + 1. Let j be (-3)/((81/(-156))/9). Suppose 5*z - j = -y. List the prime factors of z.
3
Suppose 5*j + 34 = -4*i, i + 21 - 2 = -3*j. List the prime factors of ((-27)/12)/(j/16).
2, 3
What are the prime factors of (-3)/(9/12) + 40?
2, 3
Suppose -4 = -4*q + 3*q. Suppose q*c - 5*w - 86 + 21 = 0, 4*c - 4*w = 64. List the prime factors of c.
3, 5
Suppose -7*o - 10 = -2*o, 5*f - 3*o - 101 = 0. What are the prime factors of f?
19
Let o(u) = -4*u - 12. Let n be o(-6). Let j = n - -20. What are the prime factors of j?
2
Let l(t) = 13*t. Let o be l(-3). Let m = 3 - o. Suppose -6 = -4*b + m. What are the prime factors of b?
2, 3
Let m be (-1 - 8)*(-2)/2. Suppose a + 24 = 4*k + 2*a, -k + m = a. Let j = k + 0. List the prime factors of j.
5
What are the prime factors of 6/(-4) + 663/6?
109
Suppose -5*o = -2*j + 415, -5*j + 3*o - 427 = -1474. List the prime factors of j.
2, 3, 5, 7
List the prime factors of ((-16)/(-20))/((-2)/(-10)).
2
Let w(i) = 2*i**3 + 96. What are the prime factors of w(0)?
2, 3
Let f = 12 + 5. Suppose 5 = -w + f. What are the prime factors of w?
2, 3
Let b = 4 + -3. Suppose 3 + b = 2*h. What are the prime factors of 2/2 + h + -1?
2
Let i be 6/8 + (-90)/24. What are the prime factors of 2 + -6 - i - -16?
3, 5
Let a = 1124 - 784. List the prime factors of a.
2, 5, 17
Suppose 0 = 3*p + p - 20. Let z = 13 - p. What are the prime factors of z?
2
Let v(l) = 8*l**2 - 3*l + 2. Let d be v(2). Let g be (d/35)/(4/10). Suppose -3*y - g = -17. What are the prime factors of y?
5
Suppose 4*x = 59 - 15. List the prime factors of x.
11
Let y be -1*-2*22/4. Suppose -r + 6*r - 4*i = 131, 0 = -3*r + 5*i + 89. Let f = r - y. List the prime factors of f.
2, 3
Suppose 2*g = -5*d + 7, -g - 2*g = 5*d - 3. Let r = g + 12. What are the prime factors of r?
2
Suppose -4*v - 172 = -4*s, 4*s + 0*s = 5*v + 167. What are the prime factors of s?
2, 3
Let t be 3/(3/17) + -1. Suppose -s + 8 + t = 0. What are the prime factors of s?
2, 3
Let c = -16 - -9. Let m(q) = -7*q - 1. Let f be m(c). Suppose 0*k = 4*k - f. List the prime factors of k.
2, 3
Let s = 89 - 13. List the prime factors of s.
2, 19
Let m(v) = -4*v + 2*v**2 - 1 + 3 + 11*v. Let b be 30/(-4)*(-12)/(-18). List the prime factors of m(b).
17
Let j(d) = 2*d + 23. What are the prime factors of j(11)?
3, 5
Let m be (0/(-2))/(-2 - -1). Let i be m + 5/(5/2). Suppose 3 + 3 = i*v. What are the prime factors of v?
3
Let g(h) = h**2 + 13*h + 25. What are the prime factors of g(-11)?
3
Let h(c) = -c**2 + 6*c - 5. Let q be h(5). Suppose -3*j + q*j = -102. Suppose a = 5*n + j, -14 = -4*a - 5*n - 3. What are the prime factors of a?
3
Let j(m) = 13 - m**3 + 3*m**2 + m - 6*m**2 + 4*m**2. What are the prime factors of j(0)?
13
Suppose 4*t - 2*w - 84 = 0, 0 = -5*t + 3*w - 5*w + 114. List the prime factors of t.
2, 11
Let c = 13 - 9. Suppose t + c*t - 25 = 0. List the prime factors of t.
5
Let l(i) = -1 - 2 - i - 1. Let c be l(-5). List the prime factors of c + -18*2/(-4).
2, 5
Suppose 0 = -c + 42 + 4. What are the prime factors of c?
2, 23
Let w = 8 - 4. What are the prime factors of w?
2
Let m be -4*(-2)/(4 + -2). Suppose -4*u + 3*y + 46 = 0, 0 = 4*u - m*y - 57 + 9. Let l = u - 4. List the prime factors of l.
2, 3
Let f(p) = p + 15. List the prime factors of f(8).
23
Let g(y) = 2*y. Let w = 10 + -5. Suppose 5*h - w*z + z = 0, -5*z + 25 = 0. What are the prime factors of g(h)?
2
Suppose -q = -0*q - 2. Suppose 0 = d - 3*x - 41, -q*d - 3*x + 47 = -2*x. List the prime factors of d.
2, 13
Let l be (85/10)/(4/8). Let x be (-4)/10 + (-13)/5. What are the prime factors of 1 + x/3 + l?
17
List the prime factors of 5*(24/15 + -1).
3
Suppose -3*d = 2*d - 45. Let s be d/(-2)*(-12)/(-9). Let o = 8 + s. What are the prime factors of o?
2
Suppose 143 - 669 = -4*r - 2*g, 5*r = -3*g + 660. Suppose -b = 5*u - 21, 4*b - r = 5*u - 10*u. List the prime factors of b.
2, 3
Let c be (-5)/((-15)/(-6))*-1. Suppose -2*b = 8, 20 = 4*o + 3*b + c*b. What are the prime factors of o?
2, 5
Let q = 261 + -163. Let r = q + -58. List the prime factors of r.
2, 5
Suppose 504 = -0*x + 5*x + 4*k, 0 = 5*x - 3*k - 532. List the prime factors of x.
2, 13
Let a be (-1200)/(-54) + (-2)/9. Suppose -5*i = -3*k + a, -3*k + i = -7*k + 60. What are the prime factors of k?
2, 7
Let m = 44 - 29. List the prime factors of m.
3, 5
Let b be (4/3)/((-4)/(-6)). Suppose 0 = -b*w + 32 + 4. List the prime factors of w.
2, 3
Let p(o) = 3*o**2. Let k be p(1). Suppose -5*n = -k*n. Let b = n - -9. List the prime factors of b.
3
Let m(l) be the second derivative of -l**4/12 - 11*l**3/6 + 7*l**2/2 - 6*l. List the prime factors of m(-8).
31
Let o(z) = -z**3 - z**2 + 5*z - 1. List the prime factors of o(-4).
3
Let j(f) = -f + 4. Let p be j(-4). Let d = p + 0. What are the prime factors of d?
2
Let c(q) = -q**3 - q**2 + 6. Let p(n) = -4*n + 9. Let j(t) = -3*t + 8. Let l(d) = 5*j(d) - 4*p(d). Let h be l(-4). List the prime factors of c(h).
2, 3
Let p(o) = -o**2 + 24*o - 12. What are the prime factors of p(10)?
2
Let h be 1/(-2)*-4 + 8. Suppose -5*d - 5*c + 30 = -2*d, -d - 3*c = -h. List the prime factors of d.
2, 5
Let q be (3 + -3)*(-2)/4. Suppose 4*p - 72 + 4 = q. What are the prime factors of p?
17
Let k be (-15)/(-1)*(-1)/(-3). Let c be 2 - k/(10/4). Suppose 0 = -c*x - 2*x + 14. What are the prime factors of x?
7
Let v(g) = -13*g - 72. What are the prime factors of v(-26)?
2, 7, 19
Let z(s) = s**2 + 11*s - 1. Let f be z(-11). List the prime factors of (-3)/f - (-7 + -2).
2, 3
Let h be (-15 + 3)*16/(-3). Let z = h + -42. What are the prime factors of z?
2, 11
Let j be -6*(-2)/(4/11). Suppose -5*t - 3*i - 41 = -138, 4*i - j = -t. What are the prime factors of t?
17
Let j(f) = -4*f - 5. Let s be j(-9). Suppose -4*i = 7 - s. What are the prime factors of i?
2, 3
Suppose w + 0*w = 22. Let l be 11*-1*(1 - 0). Let s = w + l. What are the prime 